culate c(229).
348
Let u(x) = -88*x**2 + 104*x - 575. What is u(5)?
-2255
Let h(l) = l**3 + 242*l**2 - 4468*l - 16930. Give h(-259).
-95
Let h(k) = -k**3 + 19*k**2 - 85*k + 9. Calculate h(10).
59
Let b(d) = -2*d**2 - 18899*d + 37799. Calculate b(2).
-7
Let j(a) = 15749*a**2 - 755958*a + 293. What is j(48)?
5
Let t(d) = -17*d**2 + 40525*d - 40524. Determine t(1).
-16
Let m(f) = f**3 - 33*f**2 + 149*f - 1710. Calculate m(28).
-1458
Let h(b) = -4*b**3 + 23*b**2 + 162*b - 406. Determine h(9).
-1
Let l(r) = 3342*r - 414474. Determine l(124).
-66
Let u(o) = -4*o**3 - 2847*o**2 + 696*o - 11389. Determine u(-712).
3
Let u(j) = 3*j**3 + 49*j**2 - 423*j + 116. Calculate u(-23).
-735
Let k(b) = -35986*b + 611605. Calculate k(17).
-157
Let o(d) = d**3 + 17*d**2 - 176*d + 92. Give o(-27).
-2446
Let h(o) = -8*o**2 + 765*o + 7491. Give h(-9).
-42
Let v(r) = 4*r**2 - 77121*r - 231375. What is v(-3)?
24
Let f(p) = 12*p**2 + 1132*p - 101170. What is f(56)?
-146
Let l(o) = 736*o + 4377. Determine l(-6).
-39
Let w(v) = 4*v**2 + 572*v + 2782. Determine w(-5).
22
Let p(c) = 3*c**3 + 90*c**2 + 225*c - 504. Give p(-27).
-18
Let t(d) = -1796*d**2 + 140092*d - 318. Calculate t(78).
-6
Let z(q) = 5*q**3 - 94*q**2 + 404*q + 366. Give z(10).
6
Let u(h) = -h**3 - 1683*h**2 - 3783*h - 707697. Determine u(-1681).
4
Let x(a) = 3*a**3 + 150*a**2 + 846*a + 42305. Calculate x(-50).
5
Let r(j) = j**2 + 22*j - 1396. Determine r(-68).
1732
Let p(h) = h**3 + 280*h**2 + 86*h + 23068. What is p(-280)?
-1012
Let c(n) = -73*n - 6469. Give c(-54).
-2527
Let x(g) = -1236*g - 1260. Calculate x(-2).
1212
Let p(q) = -q**3 - 23*q**2 - 187*q - 348. Give p(-11).
257
Let v(p) = p**3 + 33*p**2 + 292*p + 701. Determine v(-4).
-3
Let j(v) = 4*v**3 + 117*v**2 - 332*v - 121. Determine j(-32).
-761
Let a(p) = -p**3 - 241*p**2 + 9346*p - 1101. Determine a(-275).
-1
Let a(d) = -1450*d - 11732. Calculate a(-8).
-132
Let w(j) = -j**3 - 23*j**2 - 50*j + 224. Give w(-21).
392
Let u(p) = -p**2 + 325*p - 17796. Give u(258).
-510
Let k(m) = 534*m + 36861. Give k(-69).
15
Let m(h) = 4*h**3 + 1285*h**2 - 9188*h - 21. Determine m(7).
0
Let w(h) = 146*h**2 - 663*h + 295. Give w(4).
-21
Let a(w) = 5*w**2 - 24*w + 69. Calculate a(10).
329
Let w(d) = d**3 + 88*d**2 - 1899*d + 441. Calculate w(-106).
-513
Let f(y) = -y**3 - 9*y**2 + 1966*y + 3447. Give f(41).
3
Let z(s) = -4*s**2 + 45029*s - 180106. Determine z(4).
-54
Let b(a) = -a**3 + 6*a**2 - 1569*a + 6225. Calculate b(4).
-19
Let q(f) = 19914*f + 398282. Calculate q(-20).
2
Let u(a) = 9*a**3 - 15*a**2 - 13*a + 76. Give u(7).
2337
Let o(x) = 71996*x + 215940. Determine o(-3).
-48
Let c(z) = 3967*z + 36462. Determine c(-9).
759
Let b(i) = -5095*i - 45783. What is b(-9)?
72
Let k(t) = 2*t**2 + 4437*t - 615587. Calculate k(131).
-18
Let u(d) = -6*d**2 - 64*d + 747. What is u(13)?
-1099
Let l(x) = -1953*x**2 + 44911*x + 179. What is l(23)?
-5
Let n(j) = -j**3 + 4*j**2 + 2219*j + 11. What is n(0)?
11
Let r(z) = -2*z**2 + 4894*z - 2818079. What is r(1520)?
1
Let x(p) = -9683*p - 251757. Give x(-26).
1
Let q(o) = 6*o**3 + 4*o**2 + 31*o + 25. Give q(-4).
-419
Let f(t) = -7058*t + 84764. What is f(12)?
68
Let i(a) = -86*a**3 + 2*a**2 + 597*a - 596. Give i(1).
-83
Let w(r) = 87*r + 20301. Give w(-235).
-144
Let h(a) = -24*a**3 + 5469*a**2 + 691*a - 1572. Determine h(228).
24
Let t(l) = -l**2 - 2523*l - 190736. Determine t(-78).
-26
Let z(u) = 503412*u - 1510242. Calculate z(3).
-6
Let r(h) = 3*h**2 - 258*h + 2240. Determine r(77).
161
Let f(c) = -60*c - 1790. Give f(-44).
850
Let k(h) = 58*h**2 + 18364*h + 65770. Determine k(-313).
40
Let p(h) = h**3 - 809*h**2 + 22616*h + 123. What is p(29)?
7
Let c(i) = 5*i**2 - 1158113*i - 2316226. Give c(-2).
20
Let v(t) = -t**3 + 40*t**2 + 8*t - 7. Give v(40).
313
Let u(p) = 16*p**2 - 903*p + 7077. Calculate u(47).
-20
Let j(x) = 7*x**3 - 842*x**2 + 244*x - 474. Determine j(120).
6
Let f(v) = 12489*v - 62462. Calculate f(5).
-17
Let k(x) = x**2 - 13170*x + 1307003. Give k(100).
3
Let t(f) = -43*f**2 - 1946*f + 15083. What is t(-52)?
3
Let a(t) = -9*t**3 + 37*t**2 + 457*t - 464. Determine a(1).
21
Let p(t) = -t**3 - 29*t**2 - 31*t - 174. Calculate p(-28).
-90
Let r(n) = -n**3 + 40*n**2 + 17*n - 723. Calculate r(40).
-43
Let f(w) = -w**2 + 12690*w + 101551. Determine f(-8).
-33
Let s(a) = a**2 - 938*a + 31582. Give s(35).
-23
Let l(p) = 108*p**2 + 183*p - 169. What is l(3)?
1352
Let u(t) = -20121*t + 160973. Give u(8).
5
Let v(m) = m**3 + 35*m**2 + 284*m - 424. Determine v(-17).
-50
Let w(v) = 656*v**2 - 87244*v - 548. What is w(133)?
-16
Let o(m) = -12691*m - 215795. Give o(-17).
-48
Let u(k) = -13739*k - 18588848. Determine u(-1353).
19
Let o(k) = k**3 + 371*k**2 + 11763*k + 878. What is o(-336)?
-130
Let s(d) = -d**2 - 44*d + 3641. Give s(42).
29
Let s(o) = -13*o**2 + 2509*o - 104685. What is s(132)?
-9
Let x(u) = -263*u + 24563. Calculate x(93).
104
Let q(x) = -46*x**2 + 5091*x - 3434. Determine q(110).
-24
Let o(f) = -2449*f**2 + 4910*f - 34. Determine o(2).
-10
Let a(p) = -360*p**2 + 5544*p + 3428. What is a(16)?
-28
Let h(b) = -5*b**3 - 4*b**2 + 70*b + 369. Determine h(-5).
544
Let i(v) = v**3 - 504*v**2 - 1950*v + 217506. Give i(507).
3
Let y(m) = -42016*m - 54746841. What is y(-1303)?
7
Let n(a) = 367*a**2 - 57*a - 10. Give n(-1).
414
Let w(u) = -529*u + 396. What is w(0)?
396
Let o(t) = -22636*t + 22601. Give o(1).
-35
Let i(d) = 366*d + 17534. What is i(-48)?
-34
Let u(m) = 6592*m + 65888. Calculate u(-10).
-32
Let x(y) = 851*y + 174434. Give x(-205).
-21
Let g(v) = v**3 - 49*v**2 - 2956*v + 3006. Give g(1).
2
Let m(k) = 3*k**3 - 1293*k**2 - 40*k + 17089. Calculate m(431).
-151
Let j(t) = 3*t**3 - 30*t**2 + 64*t - 1515. What is j(12)?
117
Let w(b) = 22570*b + 90355. Calculate w(-4).
75
Let p(y) = -4*y**2 + 85*y + 180. Determine p(22).
114
Let c(i) = -101*i - 7887. Give c(-92).
1405
Let m(h) = -h**3 - 9*h**2 + 246*h - 387. Give m(-17).
-2257
Let i(n) = -3181588*n + 15907933. Give i(5).
-7
Let i(b) = 2997*b**2 - 3320679*b + 3328. Calculate i(1108).
4
Let w(a) = 2*a**3 - 183*a**2 - 455*a - 1786. What is w(94)?
-376
Let z(d) = 36*d**2 - 3937*d + 64354. Calculate z(20).
14
Let m(p) = p**3 + 40*p**2 - 613*p + 581. Calculate m(-52).
9
Let r(u) = -3784*u + 196246. What is r(52)?
-522
Let a(c) = -2667*c - 245375. Determine a(-92).
-11
Let l(h) = 4321*h - 331847. Give l(77).
870
Let f(j) = 4*j**2 + 148*j - 451. Give f(3).
29
Let v(i) = 444*i + 2061. What is v(-8)?
-1491
Let n(z) = z**3 - 11*z**2 + 519. Give n(-6).
-93
Let z(m) = -760*m - 65428. Determine z(-86).
-68
Let g(b) = -61*b**2 - 28862*b - 4233. Give g(-473).
24
Let n(o) = 4*o**3 + 1060*o**2 + 3*o + 1274. What is n(-265)?
479
Let u(z) = z**3 - 32*z**2 - 128*z - 133. Determine u(36).
443
Let v(u) = -3169*u - 28735. Calculate v(-9).
-214
Let w(a) = -5*a**2 - 1006*a - 2197. Calculate w(-199).
-8
Let p(b) = -4*b**3 + 31*b**2 + 182*b + 4. Calculate p(-6).
892
Let p(a) = -2237*a + 463092. Determine p(207).
33
Let i(g) = 131*g**2 - 23329*g + 433. Give i(178).
-1525
Let o(h) = 2*h**3 - 160*h**2 - 4488*h - 13. Give o(-22).
-13
Let n(u) = -77*u**3 + 78*u**2 - 268*u + 221. Calculate n(2).
-619
Let g(i) = -i**3 - 44*i**2 - 74*i + 440. Determine g(-42).
20
Let u(m) = -1497629*m - 2995257. What is u(-2)?
1
Let l(o) = -2*o**2 + 23*o + 748413. Give l(-606).
3
Let f(w) = -w**3 + 212*w**2 - 27*w + 5720. What is f(212)?
-4
Let y(f) = 2*f**3 + 112*f**2 - 77*f - 456. What is y(-57)?
-2565
Let s(h) = 2*h**3 - 141*h**2 + 527*h - 3826. Determine s(67).
60
Let m(k) = -258*k**2 - 12513*k - 6134. What is m(-48)?
58
Let r(s) = -3*s**2 - 544*s + 3992. What is r(7)?
37
Let k(y) = -299*y + 621. Give k(5).
-874
Let v(h) = -1995*h - 21466. Give v(-10).
-1516
Let r(t) = -130*t**2 + 1290*t - 32. What is r(10)?
-132
Let z(m) = 3*m**2 + 20*m - 164. Give z(8).
188
Let i(b) = -8*b**3 + 5991*b**2 + 749*b + 29. Give i(749).
29
Let k(c) = -c**3 + 43*c**2 - 29*c - 416. Calculate k(42).
130
Let k(c) = -c**3 + 20*c**2 - 18*c + 380. Give k(21).
-439
Let l(y) = 4650*y**2 - 985800*y - 9. What is l(212)?
-9
Let k(l) = -l**2 - 119*l - 1959. Give k(-23).
249
Let l(q) = -2*q**2 - 13*q + 42. Determine l(-12).
-90
Let n(i) = -164*i**2 + 2000*i - 373. Give n(12).
11
Let m(g) = 117*g**2 - 708*g - 21. Calculate m(7).
756
Let p(t)